{"id":29110,"date":"2026-07-10T19:30:00","date_gmt":"2026-07-10T16:30:00","guid":{"rendered":"https:\/\/kerimvakfi.org\/talk-the-caliph-human-dignity-and-existential-purpose\/"},"modified":"2026-06-21T18:14:25","modified_gmt":"2026-06-21T15:14:25","slug":"talk-the-caliph-human-dignity-and-existential-purpose","status":"publish","type":"avada_portfolio","link":"https:\/\/kerimvakfi.org\/en\/vakfin-calismasi\/talk-the-caliph-human-dignity-and-existential-purpose\/","title":{"rendered":"Talk: \u201cThe Caliph \u2014 Human Dignity and Existential Purpose\u201d"},"content":{"rendered":"<style>.postid-29110 .fusion-page-title-bar{background-color:#075690 !important;}<\/style>\n<div class=\"fusion-fullwidth fullwidth-box fusion-builder-row-1 fusion-flex-container nonhundred-percent-fullwidth non-hundred-percent-height-scrolling\" style=\"background-color: rgba(255,255,255,0);background-position: center center;background-repeat: no-repeat;border-width: 0px 0px 0px 0px;border-color:#eae9e9;border-style:solid;\" ><div class=\"fusion-builder-row fusion-row fusion-flex-align-items-flex-start\" style=\"max-width:1248px;margin-left: calc(-4% \/ 2 );margin-right: calc(-4% \/ 2 );\"><div class=\"fusion-layout-column fusion_builder_column fusion-builder-column-0 fusion_builder_column_1_1 1_1 fusion-flex-column\"><div class=\"fusion-column-wrapper fusion-flex-justify-content-flex-start fusion-content-layout-column\" style=\"background-position:left top;background-repeat:no-repeat;-webkit-background-size:cover;-moz-background-size:cover;-o-background-size:cover;background-size:cover;padding: 0px 0px 0px 0px;\"><div class=\"fusion-text fusion-text-1\" style=\"transform:translate3d(0,0,0);\"><p>The talk titled <strong>&#8220;The Caliph \u2014 Human Dignity and Existential Purpose&#8221;<\/strong>, organized in collaboration with the \u00dcsk\u00fcdar University Institute of Sufism Studies and the Kerim Foundation, will be held with the participation of State Artist Ahmet \u00d6zhan as speaker, moderated by Assist. Prof. F. Cang\u00fczel G\u00fcner Z\u00fclfikar.<\/p>\n<div style=\"background:#f6f6f6;border-left:5px solid #075690;padding:16px 22px;margin:22px 0 6px;border-radius:6px\">\n<p style=\"margin:0 0 8px;font-size:13px;letter-spacing:.5px;text-transform:uppercase;color:#075690\"><strong>Event Details<\/strong><\/p>\n<p style=\"margin:7px 0;font-size:16px;line-height:1.7\"><strong>Date:<\/strong> Friday, 10 July 2026<\/p>\n<p style=\"margin:7px 0;font-size:16px;line-height:1.7\"><strong>Time:<\/strong> 19.30 \u2013 21.00<\/p>\n<p style=\"margin:7px 0;font-size:16px;line-height:1.7\"><strong>Venue:<\/strong> \u00dcsk\u00fcdar University Nermin Tarhan Conference Hall<\/p>\n<p style=\"margin:7px 0;font-size:16px;line-height:1.7\"><strong>Speaker:<\/strong> Ahmet \u00d6zhan<\/p>\n<p style=\"margin:7px 0;font-size:16px;line-height:1.7\"><strong>Moderator:<\/strong> Assist. Prof. F. Cang\u00fczel G\u00fcner Z\u00fclfikar<\/p>\n<\/div>\n<p style=\"margin-top:14px\"><strong>Detailed information:<\/strong> <a href=\"https:\/\/uskudar.edu.tr\/etkinlik\/halife-insan-onuru-ve-varolussal-amac-baslikli-soylesi\/8375\" target=\"_blank\" rel=\"noopener\">\u00dcsk\u00fcdar University Institute of Sufism Studies event page<\/a><\/p>\n<\/div><\/div><\/div><style type=\"text\/css\">.fusion-body .fusion-builder-column-0{width:100% !important;margin-top : 0px;margin-bottom : 20px;}.fusion-builder-column-0 > .fusion-column-wrapper {padding-top : 0px !important;padding-right : 0px !important;margin-right : 1.92%;padding-bottom : 0px !important;padding-left : 0px !important;margin-left : 1.92%;}@media only screen and (max-width:1024px) {.fusion-body .fusion-builder-column-0{width:100% !important;}.fusion-builder-column-0 > .fusion-column-wrapper {margin-right : 1.92%;margin-left : 1.92%;}}@media only screen and (max-width:640px) {.fusion-body .fusion-builder-column-0{width:100% !important;}.fusion-builder-column-0 > .fusion-column-wrapper {margin-right : 1.92%;margin-left : 1.92%;}}<\/style><\/div><style type=\"text\/css\">.fusion-body .fusion-flex-container.fusion-builder-row-1{ padding-top : 20px;margin-top : 0px;padding-right : 0px;padding-bottom : 20px;margin-bottom : 0px;padding-left : 0px;}<\/style><\/div>\n","protected":false},"excerpt":{"rendered":"","protected":false},"author":4,"featured_media":29018,"menu_order":0,"comment_status":"closed","ping_status":"closed","template":"","format":"standard","meta":{"spay_email":""},"portfolio_category":[186],"portfolio_skills":[],"portfolio_tags":[],"yoast_head":"<!-- This site is optimized with the Yoast SEO plugin v18.3 - https:\/\/yoast.com\/wordpress\/plugins\/seo\/ -->\n<title>Talk: \u201cThe Caliph \u2014 Human Dignity and Existential Purpose\u201d - Kerim Vakf\u0131<\/title>\n<meta name=\"robots\" content=\"index, follow, max-snippet:-1, max-image-preview:large, max-video-preview:-1\" \/>\n<link rel=\"canonical\" href=\"https:\/\/kerimvakfi.org\/en\/vakfin-calismasi\/talk-the-caliph-human-dignity-and-existential-purpose\/\" \/>\n<meta property=\"og:locale\" content=\"en_US\" \/>\n<meta property=\"og:type\" content=\"article\" \/>\n<meta property=\"og:title\" content=\"Talk: \u201cThe Caliph \u2014 Human Dignity and Existential Purpose\u201d - Kerim Vakf\u0131\" \/>\n<meta property=\"og:url\" content=\"https:\/\/kerimvakfi.org\/en\/vakfin-calismasi\/talk-the-caliph-human-dignity-and-existential-purpose\/\" \/>\n<meta property=\"og:site_name\" content=\"Kerim Vakf\u0131\" \/>\n<meta property=\"article:publisher\" content=\"https:\/\/www.facebook.com\/kerimvakfi\" \/>\n<meta property=\"article:modified_time\" content=\"2026-06-21T15:14:25+00:00\" \/>\n<meta property=\"og:image\" content=\"https:\/\/kerimvakfi.org\/wp-content\/uploads\/2026\/06\/halife-i-nsan-onuru-ve-varolu-sal-ama-ba-l-kl-s-yle-i-760x380-1.jpg\" \/>\n\t<meta property=\"og:image:width\" content=\"760\" \/>\n\t<meta property=\"og:image:height\" content=\"380\" \/>\n\t<meta property=\"og:image:type\" content=\"image\/jpeg\" \/>\n<meta name=\"twitter:card\" content=\"summary\" \/>\n<meta name=\"twitter:site\" content=\"@kerimvakfi\" \/>\n<meta name=\"twitter:label1\" content=\"Est. reading time\" \/>\n\t<meta name=\"twitter:data1\" content=\"1 minute\" \/>\n<script type=\"application\/ld+json\" class=\"yoast-schema-graph\">{\"@context\":\"https:\/\/schema.org\",\"@graph\":[{\"@type\":\"WebSite\",\"@id\":\"https:\/\/kerimvakfi.org\/#website\",\"url\":\"https:\/\/kerimvakfi.org\/\",\"name\":\"Kerim Vakf\u0131\",\"description\":\"Kerim E\u011fitim K\u00fclt\u00fcr ve Sa\u011fl\u0131k Vakf\u0131\",\"potentialAction\":[{\"@type\":\"SearchAction\",\"target\":{\"@type\":\"EntryPoint\",\"urlTemplate\":\"https:\/\/kerimvakfi.org\/?s={search_term_string}\"},\"query-input\":\"required name=search_term_string\"}],\"inLanguage\":\"en-US\"},{\"@type\":\"ImageObject\",\"@id\":\"https:\/\/kerimvakfi.org\/en\/vakfin-calismasi\/talk-the-caliph-human-dignity-and-existential-purpose\/#primaryimage\",\"inLanguage\":\"en-US\",\"url\":\"https:\/\/kerimvakfi.org\/wp-content\/uploads\/2026\/06\/halife-i-nsan-onuru-ve-varolu-sal-ama-ba-l-kl-s-yle-i-760x380-1.jpg\",\"contentUrl\":\"https:\/\/kerimvakfi.org\/wp-content\/uploads\/2026\/06\/halife-i-nsan-onuru-ve-varolu-sal-ama-ba-l-kl-s-yle-i-760x380-1.jpg\",\"width\":760,\"height\":380},{\"@type\":\"WebPage\",\"@id\":\"https:\/\/kerimvakfi.org\/en\/vakfin-calismasi\/talk-the-caliph-human-dignity-and-existential-purpose\/#webpage\",\"url\":\"https:\/\/kerimvakfi.org\/en\/vakfin-calismasi\/talk-the-caliph-human-dignity-and-existential-purpose\/\",\"name\":\"Talk: \u201cThe Caliph \u2014 Human Dignity and Existential Purpose\u201d - Kerim Vakf\u0131\",\"isPartOf\":{\"@id\":\"https:\/\/kerimvakfi.org\/#website\"},\"primaryImageOfPage\":{\"@id\":\"https:\/\/kerimvakfi.org\/en\/vakfin-calismasi\/talk-the-caliph-human-dignity-and-existential-purpose\/#primaryimage\"},\"datePublished\":\"2026-07-10T16:30:00+00:00\",\"dateModified\":\"2026-06-21T15:14:25+00:00\",\"breadcrumb\":{\"@id\":\"https:\/\/kerimvakfi.org\/en\/vakfin-calismasi\/talk-the-caliph-human-dignity-and-existential-purpose\/#breadcrumb\"},\"inLanguage\":\"en-US\",\"potentialAction\":[{\"@type\":\"ReadAction\",\"target\":[\"https:\/\/kerimvakfi.org\/en\/vakfin-calismasi\/talk-the-caliph-human-dignity-and-existential-purpose\/\"]}]},{\"@type\":\"BreadcrumbList\",\"@id\":\"https:\/\/kerimvakfi.org\/en\/vakfin-calismasi\/talk-the-caliph-human-dignity-and-existential-purpose\/#breadcrumb\",\"itemListElement\":[{\"@type\":\"ListItem\",\"position\":1,\"name\":\"Ana sayfa\",\"item\":\"https:\/\/kerimvakfi.org\/en\/\"},{\"@type\":\"ListItem\",\"position\":2,\"name\":\"Portfolio\",\"item\":\"https:\/\/kerimvakfi.org\/vakfin-calismasi\/\"},{\"@type\":\"ListItem\",\"position\":3,\"name\":\"Talk: \u201cThe Caliph \u2014 Human Dignity and Existential Purpose\u201d\"}]}]}<\/script>\n<!-- \/ Yoast SEO plugin. -->","yoast_head_json":{"title":"Talk: \u201cThe Caliph \u2014 Human Dignity and Existential Purpose\u201d - Kerim Vakf\u0131","robots":{"index":"index","follow":"follow","max-snippet":"max-snippet:-1","max-image-preview":"max-image-preview:large","max-video-preview":"max-video-preview:-1"},"canonical":"https:\/\/kerimvakfi.org\/en\/vakfin-calismasi\/talk-the-caliph-human-dignity-and-existential-purpose\/","og_locale":"en_US","og_type":"article","og_title":"Talk: \u201cThe Caliph \u2014 Human Dignity and Existential Purpose\u201d - Kerim Vakf\u0131","og_url":"https:\/\/kerimvakfi.org\/en\/vakfin-calismasi\/talk-the-caliph-human-dignity-and-existential-purpose\/","og_site_name":"Kerim Vakf\u0131","article_publisher":"https:\/\/www.facebook.com\/kerimvakfi","article_modified_time":"2026-06-21T15:14:25+00:00","og_image":[{"width":760,"height":380,"url":"https:\/\/kerimvakfi.org\/wp-content\/uploads\/2026\/06\/halife-i-nsan-onuru-ve-varolu-sal-ama-ba-l-kl-s-yle-i-760x380-1.jpg","type":"image\/jpeg"}],"twitter_card":"summary","twitter_site":"@kerimvakfi","twitter_misc":{"Est. reading time":"1 minute"},"schema":{"@context":"https:\/\/schema.org","@graph":[{"@type":"WebSite","@id":"https:\/\/kerimvakfi.org\/#website","url":"https:\/\/kerimvakfi.org\/","name":"Kerim Vakf\u0131","description":"Kerim E\u011fitim K\u00fclt\u00fcr ve Sa\u011fl\u0131k Vakf\u0131","potentialAction":[{"@type":"SearchAction","target":{"@type":"EntryPoint","urlTemplate":"https:\/\/kerimvakfi.org\/?s={search_term_string}"},"query-input":"required name=search_term_string"}],"inLanguage":"en-US"},{"@type":"ImageObject","@id":"https:\/\/kerimvakfi.org\/en\/vakfin-calismasi\/talk-the-caliph-human-dignity-and-existential-purpose\/#primaryimage","inLanguage":"en-US","url":"https:\/\/kerimvakfi.org\/wp-content\/uploads\/2026\/06\/halife-i-nsan-onuru-ve-varolu-sal-ama-ba-l-kl-s-yle-i-760x380-1.jpg","contentUrl":"https:\/\/kerimvakfi.org\/wp-content\/uploads\/2026\/06\/halife-i-nsan-onuru-ve-varolu-sal-ama-ba-l-kl-s-yle-i-760x380-1.jpg","width":760,"height":380},{"@type":"WebPage","@id":"https:\/\/kerimvakfi.org\/en\/vakfin-calismasi\/talk-the-caliph-human-dignity-and-existential-purpose\/#webpage","url":"https:\/\/kerimvakfi.org\/en\/vakfin-calismasi\/talk-the-caliph-human-dignity-and-existential-purpose\/","name":"Talk: \u201cThe Caliph \u2014 Human Dignity and Existential Purpose\u201d - Kerim Vakf\u0131","isPartOf":{"@id":"https:\/\/kerimvakfi.org\/#website"},"primaryImageOfPage":{"@id":"https:\/\/kerimvakfi.org\/en\/vakfin-calismasi\/talk-the-caliph-human-dignity-and-existential-purpose\/#primaryimage"},"datePublished":"2026-07-10T16:30:00+00:00","dateModified":"2026-06-21T15:14:25+00:00","breadcrumb":{"@id":"https:\/\/kerimvakfi.org\/en\/vakfin-calismasi\/talk-the-caliph-human-dignity-and-existential-purpose\/#breadcrumb"},"inLanguage":"en-US","potentialAction":[{"@type":"ReadAction","target":["https:\/\/kerimvakfi.org\/en\/vakfin-calismasi\/talk-the-caliph-human-dignity-and-existential-purpose\/"]}]},{"@type":"BreadcrumbList","@id":"https:\/\/kerimvakfi.org\/en\/vakfin-calismasi\/talk-the-caliph-human-dignity-and-existential-purpose\/#breadcrumb","itemListElement":[{"@type":"ListItem","position":1,"name":"Ana sayfa","item":"https:\/\/kerimvakfi.org\/en\/"},{"@type":"ListItem","position":2,"name":"Portfolio","item":"https:\/\/kerimvakfi.org\/vakfin-calismasi\/"},{"@type":"ListItem","position":3,"name":"Talk: \u201cThe Caliph \u2014 Human Dignity and Existential Purpose\u201d"}]}]}},"_links":{"self":[{"href":"https:\/\/kerimvakfi.org\/en\/wp-json\/wp\/v2\/avada_portfolio\/29110"}],"collection":[{"href":"https:\/\/kerimvakfi.org\/en\/wp-json\/wp\/v2\/avada_portfolio"}],"about":[{"href":"https:\/\/kerimvakfi.org\/en\/wp-json\/wp\/v2\/types\/avada_portfolio"}],"author":[{"embeddable":true,"href":"https:\/\/kerimvakfi.org\/en\/wp-json\/wp\/v2\/users\/4"}],"replies":[{"embeddable":true,"href":"https:\/\/kerimvakfi.org\/en\/wp-json\/wp\/v2\/comments?post=29110"}],"version-history":[{"count":0,"href":"https:\/\/kerimvakfi.org\/en\/wp-json\/wp\/v2\/avada_portfolio\/29110\/revisions"}],"wp:featuredmedia":[{"embeddable":true,"href":"https:\/\/kerimvakfi.org\/en\/wp-json\/wp\/v2\/media\/29018"}],"wp:attachment":[{"href":"https:\/\/kerimvakfi.org\/en\/wp-json\/wp\/v2\/media?parent=29110"}],"wp:term":[{"taxonomy":"portfolio_category","embeddable":true,"href":"https:\/\/kerimvakfi.org\/en\/wp-json\/wp\/v2\/portfolio_category?post=29110"},{"taxonomy":"portfolio_skills","embeddable":true,"href":"https:\/\/kerimvakfi.org\/en\/wp-json\/wp\/v2\/portfolio_skills?post=29110"},{"taxonomy":"portfolio_tags","embeddable":true,"href":"https:\/\/kerimvakfi.org\/en\/wp-json\/wp\/v2\/portfolio_tags?post=29110"}],"curies":[{"name":"wp","href":"https:\/\/api.w.org\/{rel}","templated":true}]}}

<style>.postid-29110 .fusion-page-title-bar{background-color:#075690 !important;}</style>
<div class="fusion-fullwidth fullwidth-box fusion-builder-row-1 fusion-flex-container nonhundred-percent-fullwidth non-hundred-percent-height-scrolling" style="background-color: rgba(255,255,255,0);background-position: center center;background-repeat: no-repeat;border-width: 0px 0px 0px 0px;border-color:#eae9e9;border-style:solid;" ><div class="fusion-builder-row fusion-row fusion-flex-align-items-flex-start" style="max-width:1248px;margin-left: calc(-4% / 2 );margin-right: calc(-4% / 2 );"><div class="fusion-layout-column fusion_builder_column fusion-builder-column-0 fusion_builder_column_1_1 1_1 fusion-flex-column"><div class="fusion-column-wrapper fusion-flex-justify-content-flex-start fusion-content-layout-column" style="background-position:left top;background-repeat:no-repeat;-webkit-background-size:cover;-moz-background-size:cover;-o-background-size:cover;background-size:cover;padding: 0px 0px 0px 0px;"><div class="fusion-text fusion-text-1" style="transform:translate3d(0,0,0);"><p>The talk titled <strong>&#8220;The Caliph — Human Dignity and Existential Purpose&#8221;</strong>, organized in collaboration with the Üsküdar University Institute of Sufism Studies and the Kerim Foundation, will be held with the participation of State Artist Ahmet Özhan as speaker, moderated by Assist. Prof. F. Cangüzel Güner Zülfikar.</p>
<div style="background:#f6f6f6;border-left:5px solid #075690;padding:16px 22px;margin:22px 0 6px;border-radius:6px">
<p style="margin:0 0 8px;font-size:13px;letter-spacing:.5px;text-transform:uppercase;color:#075690"><strong>Event Details</strong></p>
<p style="margin:7px 0;font-size:16px;line-height:1.7"><strong>Date:</strong> Friday, 10 July 2026</p>
<p style="margin:7px 0;font-size:16px;line-height:1.7"><strong>Time:</strong> 19.30 – 21.00</p>
<p style="margin:7px 0;font-size:16px;line-height:1.7"><strong>Venue:</strong> Üsküdar University Nermin Tarhan Conference Hall</p>
<p style="margin:7px 0;font-size:16px;line-height:1.7"><strong>Speaker:</strong> Ahmet Özhan</p>
<p style="margin:7px 0;font-size:16px;line-height:1.7"><strong>Moderator:</strong> Assist. Prof. F. Cangüzel Güner Zülfikar</p>
</div>
<p style="margin-top:14px"><strong>Detailed information:</strong> <a href="https://uskudar.edu.tr/etkinlik/halife-insan-onuru-ve-varolussal-amac-baslikli-soylesi/8375" target="_blank" rel="noopener">Üsküdar University Institute of Sufism Studies event page</a></p>
</div></div></div><style type="text/css">.fusion-body .fusion-builder-column-0{width:100% !important;margin-top : 0px;margin-bottom : 20px;}.fusion-builder-column-0 > .fusion-column-wrapper {padding-top : 0px !important;padding-right : 0px !important;margin-right : 1.92%;padding-bottom : 0px !important;padding-left : 0px !important;margin-left : 1.92%;}@media only screen and (max-width:1024px) {.fusion-body .fusion-builder-column-0{width:100% !important;}.fusion-builder-column-0 > .fusion-column-wrapper {margin-right : 1.92%;margin-left : 1.92%;}}@media only screen and (max-width:640px) {.fusion-body .fusion-builder-column-0{width:100% !important;}.fusion-builder-column-0 > .fusion-column-wrapper {margin-right : 1.92%;margin-left : 1.92%;}}</style></div><style type="text/css">.fusion-body .fusion-flex-container.fusion-builder-row-1{ padding-top : 20px;margin-top : 0px;padding-right : 0px;padding-bottom : 20px;margin-bottom : 0px;padding-left : 0px;}</style></div>

<!-- This site is optimized with the Yoast SEO plugin v18.3 - https://yoast.com/wordpress/plugins/seo/ -->
<title>Talk: “The Caliph — Human Dignity and Existential Purpose” - Kerim Vakfı</title>
<meta name="robots" content="index, follow, max-snippet:-1, max-image-preview:large, max-video-preview:-1" />
<link rel="canonical" href="https://kerimvakfi.org/en/vakfin-calismasi/talk-the-caliph-human-dignity-and-existential-purpose/" />
<meta property="og:locale" content="en_US" />
<meta property="og:type" content="article" />
<meta property="og:title" content="Talk: “The Caliph — Human Dignity and Existential Purpose” - Kerim Vakfı" />
<meta property="og:url" content="https://kerimvakfi.org/en/vakfin-calismasi/talk-the-caliph-human-dignity-and-existential-purpose/" />
<meta property="og:site_name" content="Kerim Vakfı" />
<meta property="article:publisher" content="https://www.facebook.com/kerimvakfi" />
<meta property="article:modified_time" content="2026-06-21T15:14:25+00:00" />
<meta property="og:image" content="https://kerimvakfi.org/wp-content/uploads/2026/06/halife-i-nsan-onuru-ve-varolu-sal-ama-ba-l-kl-s-yle-i-760x380-1.jpg" />
	<meta property="og:image:width" content="760" />
	<meta property="og:image:height" content="380" />
	<meta property="og:image:type" content="image/jpeg" />
<meta name="twitter:card" content="summary" />
<meta name="twitter:site" content="@kerimvakfi" />
<meta name="twitter:label1" content="Est. reading time" />
	<meta name="twitter:data1" content="1 minute" />
<script type="application/ld+json" class="yoast-schema-graph">{"@context":"https://schema.org","@graph":[{"@type":"WebSite","@id":"https://kerimvakfi.org/#website","url":"https://kerimvakfi.org/","name":"Kerim Vakfı","description":"Kerim Eğitim Kültür ve Sağlık Vakfı","potentialAction":[{"@type":"SearchAction","target":{"@type":"EntryPoint","urlTemplate":"https://kerimvakfi.org/?s={search_term_string}"},"query-input":"required name=search_term_string"}],"inLanguage":"en-US"},{"@type":"ImageObject","@id":"https://kerimvakfi.org/en/vakfin-calismasi/talk-the-caliph-human-dignity-and-existential-purpose/#primaryimage","inLanguage":"en-US","url":"https://kerimvakfi.org/wp-content/uploads/2026/06/halife-i-nsan-onuru-ve-varolu-sal-ama-ba-l-kl-s-yle-i-760x380-1.jpg","contentUrl":"https://kerimvakfi.org/wp-content/uploads/2026/06/halife-i-nsan-onuru-ve-varolu-sal-ama-ba-l-kl-s-yle-i-760x380-1.jpg","width":760,"height":380},{"@type":"WebPage","@id":"https://kerimvakfi.org/en/vakfin-calismasi/talk-the-caliph-human-dignity-and-existential-purpose/#webpage","url":"https://kerimvakfi.org/en/vakfin-calismasi/talk-the-caliph-human-dignity-and-existential-purpose/","name":"Talk: “The Caliph — Human Dignity and Existential Purpose” - Kerim Vakfı","isPartOf":{"@id":"https://kerimvakfi.org/#website"},"primaryImageOfPage":{"@id":"https://kerimvakfi.org/en/vakfin-calismasi/talk-the-caliph-human-dignity-and-existential-purpose/#primaryimage"},"datePublished":"2026-07-10T16:30:00+00:00","dateModified":"2026-06-21T15:14:25+00:00","breadcrumb":{"@id":"https://kerimvakfi.org/en/vakfin-calismasi/talk-the-caliph-human-dignity-and-existential-purpose/#breadcrumb"},"inLanguage":"en-US","potentialAction":[{"@type":"ReadAction","target":["https://kerimvakfi.org/en/vakfin-calismasi/talk-the-caliph-human-dignity-and-existential-purpose/"]}]},{"@type":"BreadcrumbList","@id":"https://kerimvakfi.org/en/vakfin-calismasi/talk-the-caliph-human-dignity-and-existential-purpose/#breadcrumb","itemListElement":[{"@type":"ListItem","position":1,"name":"Ana sayfa","item":"https://kerimvakfi.org/en/"},{"@type":"ListItem","position":2,"name":"Portfolio","item":"https://kerimvakfi.org/vakfin-calismasi/"},{"@type":"ListItem","position":3,"name":"Talk: “The Caliph — Human Dignity and Existential Purpose”"}]}]}</script>
<!-- / Yoast SEO plugin. -->

Talk: “The Caliph — Human Dignity and Existential Purpose” - Kerim Vakfı

Kerim Vakfı

Kerim Eğitim Kültür ve Sağlık Vakfı
